{"id":227,"date":"2014-10-04T21:18:46","date_gmt":"2014-10-04T19:18:46","guid":{"rendered":"http:\/\/www.netsalem.de\/blog\/?page_id=227"},"modified":"2015-04-13T20:08:02","modified_gmt":"2015-04-13T18:08:02","slug":"beschlaege","status":"publish","type":"page","link":"https:\/\/www.netsalem.de\/blog\/?page_id=227","title":{"rendered":"Auf den Punkt gebracht&#8230;"},"content":{"rendered":"<p><!--page--><\/p>\n<h3><\/h3>\n<div id=\"liImgRight\"><img decoding=\"async\" id=\"img\" src=\"http:\/\/ploener.netsalem.de\/wp-content\/uploads\/2014\/11\/folkeboot-bugbeschlag-300x225.jpg\" alt=\"Bugbeschlag\" title=\"Bugbeschlag\" \/><\/div>\n<ul>\n<li>Bugbeschlag<\/li>\n<\/ul>\n<p><!--page--><\/p>\n<h3><\/h3>\n<div id=\"liImgRight\"><img decoding=\"async\" id=\"img\" src=\"http:\/\/ploener.netsalem.de\/wp-content\/uploads\/2014\/11\/folkeboot-vorstag-300x225.jpg\" alt=\"Vorstag\" title=\"Vorstag\" \/><\/div>\n<ul>\n<li>Vorstag<\/li>\n<\/ul>\n<p><!--page--><\/p>\n<h3><\/h3>\n<div id=\"liImgRight\"><img decoding=\"async\" id=\"img\" src=\"http:\/\/ploener.netsalem.de\/wp-content\/uploads\/2014\/11\/folkeboot-umlenkrollen-300x225.jpg\" alt=\"Umlenkrollen\" title=\"Umlenkrollen\" \/><\/div>\n<ul>\n<li>Umlenkrollen<\/li>\n<\/ul>\n<p><!--page--><\/p>\n<h3><\/h3>\n<div id=\"liImgRight\"><img decoding=\"async\" id=\"img\" src=\"http:\/\/ploener.netsalem.de\/wp-content\/uploads\/2014\/11\/folkeboot-luefter-300x225.jpg\" alt=\"L\u00fcfter\" title=\"L\u00fcfter\" \/><\/div>\n<ul>\n<li>L\u00fcfter<\/li>\n<\/ul>\n<p><!--page--><\/p>\n<h3><\/h3>\n<div id=\"liImgRight\"><img decoding=\"async\" id=\"img\" src=\"http:\/\/ploener.netsalem.de\/wp-content\/uploads\/2014\/11\/folkeboot-dirk-300x225.jpg\" alt=\"Dirk\"  title=\"Dirk\" \/><\/div>\n<ul>\n<li>Dirk<\/li>\n<\/ul>\n<p><!--page--><\/p>\n<h3><\/h3>\n<div id=\"liImgRight\"><img decoding=\"async\" id=\"img\" src=\"http:\/\/ploener.netsalem.de\/wp-content\/uploads\/2014\/11\/folkeboot-backskiste-300x225.jpg\" alt=\"Backskiste\" title=\"Backskiste\" \/><\/div>\n<ul>\n<li>Backskiste<\/li>\n<\/ul>\n<p><!--page--><\/p>\n<h3><\/h3>\n<div id=\"liImgRight\"><img decoding=\"async\" id=\"img\" src=\"http:\/\/ploener.netsalem.de\/wp-content\/uploads\/2014\/11\/folkeboot-backskiste-heck-300x225.jpg\" alt=\"Backskiste Heck\" title=\"Backskiste Heck\" \/><\/div>\n<ul>\n<li>Backskiste Heck<\/li>\n<\/ul>\n<p><!--page--><\/p>\n<h3><\/h3>\n<div id=\"liImgRight\"><img decoding=\"async\" id=\"img\" src=\"http:\/\/ploener.netsalem.de\/wp-content\/uploads\/2014\/11\/folkeboot-mastfuss-300x225.jpg\" alt=\"Mastfuss\" title=\"Mastfuss\" \/><\/div>\n<ul>\n<li>Mastfuss<\/li>\n<\/ul>\n<p><!--page--><\/p>\n<h3><\/h3>\n<div id=\"liImgRight\"><img decoding=\"async\" id=\"img\" src=\"http:\/\/ploener.netsalem.de\/wp-content\/uploads\/2014\/11\/folkeboot-luke-300x225.jpg\" alt=\"Luke\" title=\"Luke\" \/><\/div>\n<ul>\n<li>Luke<\/li>\n<\/ul>\n<p><!--page--><\/p>\n<h3><\/h3>\n<div id=\"liImgRight\"><img decoding=\"async\" id=\"img\" src=\"http:\/\/ploener.netsalem.de\/wp-content\/uploads\/2014\/11\/folkeboot-decksschiene-300x225.jpg\" alt=\"Decksschine\" title=\"Decksschine\" \/><\/div>\n<ul>\n<li>Decksschine<\/li>\n<\/ul>\n<p><!--page--><\/p>\n<h3><\/h3>\n<div id=\"liImgRight\"><img decoding=\"async\" id=\"img\" src=\"http:\/\/ploener.netsalem.de\/wp-content\/uploads\/2014\/11\/folkeboot-kajuetdach-225x300.jpg\" alt=\"Kaj\u00fctdach\" title=\"Kaj\u00fctdach\" \/><\/div>\n<ul>\n<li>Kaj\u00fctdach<\/li>\n<\/ul>\n<p><!--page--><\/p>\n<h3><\/h3>\n<div id=\"liImgRight\"><img decoding=\"async\" id=\"img\" src=\"http:\/\/ploener.netsalem.de\/wp-content\/uploads\/2014\/11\/folkeboot-baumstuetze-300x225.jpg\" alt=\"Baumt\u00fctze\" title=\"Baumt\u00fctze\" \/><\/div>\n<ul>\n<li>Baumt\u00fctze<\/li>\n<\/ul>\n<p><!--page--><\/p>\n<h3><\/h3>\n<div id=\"liImgRight\"><img decoding=\"async\" id=\"img\" src=\"http:\/\/ploener.netsalem.de\/wp-content\/uploads\/2014\/11\/folkeboot-baumstuetze2-300x225.jpg\" alt=\"Baumst\u00fctze\" title=\"Baumst\u00fctze\" \/><\/div>\n<ul>\n<li>Baumt\u00fctzenfuss<\/li>\n<\/ul>\n<p><!--page--><\/p>\n<h3><\/h3>\n<div id=\"liImgRight\"><img decoding=\"async\" id=\"img\" src=\"http:\/\/ploener.netsalem.de\/wp-content\/uploads\/2014\/11\/folkeboot-winsch-225x300.jpg\" alt=\"Winsch\" title=\"Winsch\" \/><\/div>\n<ul>\n<li>Winsch<\/li>\n<\/ul>\n<p><!--page--><\/p>\n<h3><\/h3>\n<div id=\"liImgRight\"><img decoding=\"async\" id=\"img\" src=\"http:\/\/ploener.netsalem.de\/wp-content\/uploads\/2014\/11\/folkeboot-traveler-300x225.jpg\" alt=\"Traveler\" title=\"Traveler\" \/><\/div>\n<ul>\n<li>Traveler<\/li>\n<\/ul>\n<p><!--page--><\/p>\n<h3><\/h3>\n<div id=\"liImgRight\"><img decoding=\"async\" id=\"img\" src=\"http:\/\/ploener.netsalem.de\/wp-content\/uploads\/2014\/11\/folkeboot-heckleiter-300x225.jpg\" alt=\"Heckleiter\" title=\"Heckleiter\" \/><\/div>\n<ul>\n<li>Heckleiter<\/li>\n<\/ul>\n<p><!--page--><\/p>\n<h3><\/h3>\n<div id=\"liImgRight\"><img decoding=\"async\" id=\"img\" src=\"http:\/\/ploener.netsalem.de\/wp-content\/uploads\/2014\/11\/folkeboot-pinne-300x225.jpg\" alt=\"Pinne\" title=\"Pinne\" \/><\/div>\n<ul>\n<li>Pinne<\/li>\n<\/ul>\n<p><!--page--><\/p>\n<h3><\/h3>\n<div id=\"liImgRight\"><img decoding=\"async\" id=\"img\" src=\"http:\/\/ploener.netsalem.de\/wp-content\/uploads\/2014\/11\/folkeboot-klampe-heck-300x225.jpg\" alt=\"Klampe\" title=\"Klampe\" \/><\/div>\n<ul>\n<li>Klampe<\/li>\n<\/ul>\n<p><!--page--><\/p>\n<h3><\/h3>\n<h3><\/h3>\n<h3>Der Pl\u00f6ner 2014, Seebruck am Chiemsee<\/h3>\n<p><img decoding=\"async\"  width=100% src=\"http:\/\/ploener.netsalem.de\/wp-content\/uploads\/2014\/11\/folkeboot-ploener-1024x768.jpg\" alt=\"Folkeboot Pl\u00f6ner\" title=\"Folkeboot Pl\u00f6ner\" \/><\/p>\n<p><!--page--><\/p>\n<h3><\/h3>\n<p><strong class=\"comment\">Nachbetrachtung <\/strong><\/p>\n<ul>\n<li>Ein wirklich tolles Projekt!<\/li>\n<li>Und insgeheim denke ich mir<br \/>\n      <\/p>\n<h2><strong><em>&#8230;. ich hab&#8217;s einfach gemacht!<\/em><\/strong><\/h2>\n<\/li>\n<\/ul>\n<p><textarea style=\"display:none\" id=\"viewGallery\">10<\/textarea><\/p>\n","protected":false},"excerpt":{"rendered":"<p>Bugbeschlag Vorstag Umlenkrollen L\u00fcfter Dirk Backskiste Backskiste Heck Mastfuss Luke Decksschine Kaj\u00fctdach Baumt\u00fctze Baumt\u00fctzenfuss Winsch Traveler Heckleiter Pinne Klampe Der Pl\u00f6ner 2014, Seebruck am Chiemsee Nachbetrachtung Ein wirklich tolles Projekt! Und insgeheim denke ich mir &#8230;. ich hab&#8217;s einfach gemacht! &hellip; <a href=\"https:\/\/www.netsalem.de\/blog\/?page_id=227\">Weiterlesen <span class=\"meta-nav\">&rarr;<\/span><\/a><\/p>\n","protected":false},"author":1,"featured_media":786,"parent":61,"menu_order":5,"comment_status":"open","ping_status":"closed","template":"","meta":{"ngg_post_thumbnail":0,"footnotes":""},"class_list":["post-227","page","type-page","status-publish","has-post-thumbnail","hentry"],"_links":{"self":[{"href":"https:\/\/www.netsalem.de\/blog\/index.php?rest_route=\/wp\/v2\/pages\/227"}],"collection":[{"href":"https:\/\/www.netsalem.de\/blog\/index.php?rest_route=\/wp\/v2\/pages"}],"about":[{"href":"https:\/\/www.netsalem.de\/blog\/index.php?rest_route=\/wp\/v2\/types\/page"}],"author":[{"embeddable":true,"href":"https:\/\/www.netsalem.de\/blog\/index.php?rest_route=\/wp\/v2\/users\/1"}],"replies":[{"embeddable":true,"href":"https:\/\/www.netsalem.de\/blog\/index.php?rest_route=%2Fwp%2Fv2%2Fcomments&post=227"}],"version-history":[{"count":28,"href":"https:\/\/www.netsalem.de\/blog\/index.php?rest_route=\/wp\/v2\/pages\/227\/revisions"}],"predecessor-version":[{"id":1002,"href":"https:\/\/www.netsalem.de\/blog\/index.php?rest_route=\/wp\/v2\/pages\/227\/revisions\/1002"}],"up":[{"embeddable":true,"href":"https:\/\/www.netsalem.de\/blog\/index.php?rest_route=\/wp\/v2\/pages\/61"}],"wp:featuredmedia":[{"embeddable":true,"href":"https:\/\/www.netsalem.de\/blog\/index.php?rest_route=\/wp\/v2\/media\/786"}],"wp:attachment":[{"href":"https:\/\/www.netsalem.de\/blog\/index.php?rest_route=%2Fwp%2Fv2%2Fmedia&parent=227"}],"curies":[{"name":"wp","href":"https:\/\/api.w.org\/{rel}","templated":true}]}}